180. Let v = u + i. List the prime factors of v.
137
Let z(r) = -r**2 + 13*r - 189. Let t be z(0). Let l = t - -1697. List the prime factors of l.
2, 13, 29
Let g(z) = -793*z - 134. What are the prime factors of g(-6)?
2, 17
Let g(p) = -p**2 - p + 4. Suppose 0 = u + k, 5*u = -0*u + 2*k. Let x be g(u). Suppose y - 4*j - 117 = 0, -2*y = j + x*j - 299. What are the prime factors of y?
137
List the prime factors of ((-85812)/(-6))/(-1 + (-3 - (-18)/3)).
7151
Let p = 2107 + 2163. What are the prime factors of (p/(-105))/(1/(-3))?
2, 61
Suppose 2*i = 4*c + 19742, -i + 10477 - 624 = -5*c. What are the prime factors of i?
9883
Suppose 75 = -b + 2609. Suppose 22*u = 8*u + b. List the prime factors of u.
181
Let a = 9204 + 1922. What are the prime factors of a?
2, 5563
Let t = -3092 - -6247. List the prime factors of t.
5, 631
Let r = 14518 - -12539. List the prime factors of r.
3, 29, 311
Let m(i) = 12*i**3 - 8*i**2 + 7*i + 10. Let a be (-6)/(-5)*(-340)/(-102). List the prime factors of m(a).
2, 3, 113
Suppose -3*s + 3*q - 3 = -9, s = 2*q + 1. What are the prime factors of ((-183)/9)/(26/9 - s)?
3, 61
Let v = 12 + -5. Let d(a) be the second derivative of a**5/20 - a**4/4 - 9*a**2/2 + 159*a + 2. List the prime factors of d(v).
11, 17
Suppose 30*v = 17*v + 312. Suppose 3510 = 30*p - v*p. List the prime factors of p.
3, 5, 13
Let c = -1780 + 3154. List the prime factors of c.
2, 3, 229
List the prime factors of -433*((-10 - 2) + -13).
5, 433
Suppose 579 = 6*n + 201. What are the prime factors of -1 + 45/n - 5728/(-7)?
2, 409
Let u(o) = 11*o**2 + 100*o - 572. What are the prime factors of u(6)?
2, 53
Let n be (-7 - -6)/((-2500)/1252 + 2). Let j = 479 + n. What are the prime factors of j?
2, 83
Let g = 83156 - 51308. List the prime factors of g.
2, 3, 1327
Suppose 0 = -18*w + 19*w - 175. Suppose 181*g - w*g - 4272 = 0. What are the prime factors of g?
2, 89
Let f be -6 - (14/(-7) + (1 - 1)). Let o be -4*79/(-36) - f/18. Suppose -o*y + 205 = 43. What are the prime factors of y?
2, 3
Let m be ((-57)/(-19))/((-6)/(-2858)). Suppose 0*o + o - 487 = 3*a, -3*o + a = -m. List the prime factors of o.
5, 19
Suppose 42 = 5*r + 42. Suppose k - 2*z = -0*k + 64, 3*k + 2*z - 224 = r. List the prime factors of k.
2, 3
Let t = 13 + -2. Let s(j) = -3*j + 35. Let a be s(t). What are the prime factors of (-4 - 0)*(-26)/a?
2, 13
Suppose -13325 = 314*k - 2349772 - 4001015. What are the prime factors of k?
20183
Let m(j) = -j**3 - 17*j**2 - 20*j + 37. Let x be 1 + -67 - (7 + -10). Let s = x - -47. List the prime factors of m(s).
101
Let r(h) = -h**3 - h**2 + 14*h + 1208. Let i be r(0). Suppose i = 41*f - 37*f. List the prime factors of f.
2, 151
Suppose 2369*r - 2400*r = -478082. List the prime factors of r.
2, 11, 701
Let v = 963 + -957. Let t(x) = -x**3 - 4*x**2 + 5*x + 2. Let n be t(-5). Suppose n*a + 5*q - 263 = 254, -2*q + v = 0. List the prime factors of a.
251
Suppose j + 21255 = 4*h + 2*j, -2*h + 10623 = -j. List the prime factors of h.
3, 7, 11, 23
Let r = -1364 + 1367. List the prime factors of r.
3
Suppose 10 = 2*m + 5*w, 0*w = -3*m + 3*w - 6. Suppose m = 2*d - 4*d + 6. What are the prime factors of (-2)/((-84)/3594) + d/7?
2, 43
Suppose -46*i + 47*i + 8095 = a, -2*a + 3*i + 16188 = 0. What are the prime factors of a?
3, 2699
Let i(p) = p + 12. Let z be i(-12). Suppose 6*x - 5*k = 4*x + 146, z = -x + 3*k + 74. What are the prime factors of x?
2, 17
Let o(w) = 1608*w**2 + 13*w + 14. Let b = 19 - 20. What are the prime factors of o(b)?
1609
Let m(i) = 6*i**2 + 142*i - 2444. List the prime factors of m(29).
2, 3, 5, 7
Suppose 47*x = 41*x - 5*n + 266474, 0 = 4*x - 2*n - 177628. List the prime factors of x.
3, 113, 131
Suppose -613424 = 114875*s - 114891*s. What are the prime factors of s?
7, 5477
Suppose 0 = 3*s + 13 - 22. Suppose -5*k + 10 = -s*n + 2*n, -16 = 3*k - 5*n. Suppose 5*b - u - 2*u - 611 = 0, k*b - u = 369. What are the prime factors of b?
2, 31
List the prime factors of (-11434)/(-6) + (-200)/75.
11, 173
Let f = 8280 - 6854. List the prime factors of f.
2, 23, 31
Let a = 20151 - 14114. List the prime factors of a.
6037
Let k(q) = 6 - 4 - 6 + 5*q + 2*q**2. Let y be k(-5). Suppose -y*x = -18*x - 630. List the prime factors of x.
2, 3, 5, 7
Let p(r) = 10*r**3 - 12*r**2 - 70*r - 53. Let o(t) = -3*t**3 + 4*t**2 + 23*t + 17. Let i(w) = -7*o(w) - 2*p(w). List the prime factors of i(9).
7, 29
Let v = 31 - 24. Suppose v*z + 414 = 10*z. Let u = z - 89. List the prime factors of u.
7
Let t = 182 + -49. Let r = t - 40. What are the prime factors of r?
3, 31
Let l be (94*2/(-10))/((-14)/70). Let k = l + -33. List the prime factors of k.
61
Let t(c) = -c**3 - 9*c**2 - 17*c - 5. Let q be t(-13). Suppose -15*l = -3382 + q. What are the prime factors of l?
2, 83
Suppose 27*j - 22660 = 110639. What are the prime factors of j?
4937
Suppose b - 8656 = -4*b + 3*p, 5*b - 4*p = 8658. Suppose 2*m + 420 - 77 = o, 5*o + 5*m - b = 0. List the prime factors of o.
3, 5, 23
Let d = -116 + 122. Let l be (-3548)/d - (-3)/9. What are the prime factors of (l/6)/(-2 - (-12)/8)?
197
Suppose 0 = -2*b - 2*n - 2, -9 = -3*b - 3*n + 4*n. Let v be 6/(21/6 - b). Suppose v*d + 111 = 471. List the prime factors of d.
2, 3, 5
Let k(i) = -2*i**3 + 64*i**2 + 7*i - 54. List the prime factors of k(29).
5, 1039
Let g(p) = 57*p**2 + 25*p + 22. List the prime factors of g(6).
2, 139
Suppose -338*c - 848945 = -5473799. List the prime factors of c.
3, 4561
Suppose -11*v - 15*v = -2158. Suppose -m + 2*t = -744, 79*t + 3012 = 4*m + v*t. What are the prime factors of m?
2, 3, 5
Let t be 1/(1/(-3)*-1). Suppose -50 = -5*s - 5*y, t*s + 2 = y + 12. Suppose -s*j + 110 = -5*c, 5*c + 14 + 24 = 2*j. What are the prime factors of j?
2, 3
Suppose -4*j + 20 = j. Suppose -30 = -j*o - 34. Let z(s) = -65*s**3 + s**2 + 1. What are the prime factors of z(o)?
67
Suppose 178*a = 564*a - 25381816. What are the prime factors of a?
2, 17, 967
Let k(z) = z**3 - 5*z + 10. Suppose 0 = 5*c - 25 - 5. Suppose -15 = -3*l - 3*d, 5*l = -d + c*d + 35. What are the prime factors of k(l)?
2, 7
Let v be 6/(((-4)/34)/((-32)/(-24))). Let f = -44 - v. Suppose k - f - 15 = 0. List the prime factors of k.
3, 13
Let q(r) = 2033*r**2 - 12*r + 28. Let z be q(2). Suppose i = 13*i - z. What are the prime factors of i?
2, 3, 113
Let y(h) = -6*h**3 + 3*h**3 + 2*h**3 - 13*h**2 - h**2. Let m be y(-14). Suppose -5*v = 4*l - 62, m = -2*l - 2*l + 12. List the prime factors of v.
2, 5
Let c = 94 - 55. Let q = c - 24. Suppose -3*i = -q, -y - i = i - 188. List the prime factors of y.
2, 89
Let c be (-10 + 9)*(-4)/1. Suppose 2*r = 5*u - 8*u - 152, 5*r = c*u + 195. What are the prime factors of 640*(-4)/u*5?
2
List the prime factors of (-3)/((-27)/39456) + -2 + -1.
13, 337
Let y = -6342 + 6757. List the prime factors of y.
5, 83
Suppose -2*b + 7*b - 5*z = 3460, 2*b + 5*z = 1391. Suppose 3*o = -5*j + b, 11*o - 924 = 7*o + j. List the prime factors of o.
3, 7, 11
Let v(p) = 18*p**3 - 8*p**3 + 8*p - 3*p + p**2 + 1 - 11*p**3. Let j be v(-2). Suppose 4*h + 32 = 2*q + 3*q, -4*q + j*h = -26. What are the prime factors of q?
2
Let u(r) = -20*r**2 + 7*r - 2. Let n(w) = 20*w**2 - 6*w + 2. Let p(j) = 4*n(j) + 3*u(j). What are the prime factors of p(1)?
19
Suppose 89*j - 769044 = -25*j. List the prime factors of j.
2, 3373
Let c(b) = b + 2. Let u be c(-4). Let o be 22242/(-14) + (-9)/((-504)/(-16)). List the prime factors of (o/(-14))/((-1)/u).
227
List the prime factors of -314 + 311 - (-1546*14 - 2).
23, 941
Suppose 224 - 6 = -2*q. Let d = q + 126. List the prime factors of d.
17
Let k be 470/(-6) + (-4)/(-12). Let m be 32/6 - (-3 - k/18). Suppose -1692 = -16*o + m*o. List the prime factors of o.
3, 47
Let b = -224 - -226. Suppose -2*z = 4*x - 492, b*z - 67 - 452 = 5*x. List the prime factors of z.
2, 3, 7
Suppose 22*i = 23*i - 10. Let c(o) = -2*o**2 + 11*o + 18. Let p be c(i). What are the prime factors of p/396 - -1982*2/22?
2, 3, 5
Let h(r) be the first derivative of r**2 - 5*r - 12. Let u be h(8). Suppose -6*l = -47 + u. List the prime factors of l.
2, 3
Suppose 3*d - 40 = -5*y, -2*y = -3*d + 36 + 11. Suppose 220 = d*t - 185. Suppose -w + 2 = -t. What are the prime factors of w?
29
Suppose 541*q = 529*q + 119400. What are the prime factors of q?
2, 5, 199
Suppose 20 = 4*z -